{"id":309,"date":"2023-09-09T12:29:45","date_gmt":"2023-09-09T12:29:45","guid":{"rendered":"https:\/\/idclabo.com\/?page_id=309"},"modified":"2023-09-09T13:09:41","modified_gmt":"2023-09-09T13:09:41","slug":"ve-idc-labo","status":"publish","type":"page","link":"https:\/\/idclabo.com\/index.php\/ve-idc-labo\/","title":{"rendered":"V\u1ec1 ch\u00fang t\u00f4i: Idc Labo &#8211; Chuy\u00ean s\u00e2u ph\u1ee5c h\u00ecnh s\u1ed1 h\u00f3a tr\u00ean implant."},"content":{"rendered":"\n<figure class=\"wp-block-image size-large\"><img data-recalc-dims=\"1\" loading=\"lazy\" decoding=\"async\" width=\"1020\" height=\"292\" src=\"https:\/\/i0.wp.com\/idclabo.com\/wp-content\/uploads\/2023\/09\/banne-web.png?resize=1020%2C292&#038;ssl=1\" alt=\"\" class=\"wp-image-113\" srcset=\"https:\/\/i0.wp.com\/idclabo.com\/wp-content\/uploads\/2023\/09\/banne-web.png?resize=1024%2C293&amp;ssl=1 1024w, https:\/\/i0.wp.com\/idclabo.com\/wp-content\/uploads\/2023\/09\/banne-web.png?resize=300%2C86&amp;ssl=1 300w, https:\/\/i0.wp.com\/idclabo.com\/wp-content\/uploads\/2023\/09\/banne-web.png?resize=768%2C220&amp;ssl=1 768w, https:\/\/i0.wp.com\/idclabo.com\/wp-content\/uploads\/2023\/09\/banne-web.png?resize=1536%2C440&amp;ssl=1 1536w, https:\/\/i0.wp.com\/idclabo.com\/wp-content\/uploads\/2023\/09\/banne-web.png?w=1920&amp;ssl=1 1920w\" sizes=\"auto, (max-width: 1020px) 100vw, 1020px\" \/><\/figure>\n\n\n\n<div class=\"wp-block-columns is-layout-flex wp-container-core-columns-is-layout-9d6595d7 wp-block-columns-is-layout-flex\">\n<div class=\"wp-block-column is-layout-flow wp-block-column-is-layout-flow\" style=\"flex-basis:100%\">\n<p><\/p>\n\n\n\n<p><em>C\u1ea3m \u01a1n qu\u00fd b\u00e1c s\u0129 \u0111\u00e3 gh\u00e9 th\u1eafm website c\u1ee7a ch\u00fang t\u00f4i! <\/em><\/p>\n\n\n\n<p>K\u00ednh th\u01b0a qu\u00fd b\u00e1c s\u0129, qu\u00fd nha s\u0129 c\u00f9ng v\u1edbi xu th\u1ebf ph\u00e1t tri\u1ec3n c\u1ee7a ng\u00e0nh nha khoa hi\u1ec7n \u0111\u1ea1i c\u00f4ng ngh\u1ec7 s\u1ed1 h\u00f3a ng\u00e0y c\u00e0ng ph\u1ed5 bi\u1ebfn trong ng\u00e0nh nha khoa n\u00f3i chung v\u00e0 c\u1ea5y gh\u00e9p implant n\u00f3i ri\u00ean, nh\u1eb1m mang \u0111\u1ebfn k\u1ebft qu\u1ea3 \u0111i\u1ec7u tr\u1ecb ho\u00e0n h\u1ea3o nh\u1ea5t.<\/p>\n\n\n\n<p> Idc Labo l\u00e0 h\u1ec7 th\u1ed1ng \u201cchuy\u00ean s\u00e2u ph\u1ee5c h\u00ecnh s\u1ed1 h\u00f3a tr\u00ean implant\u201d v\u1edbi c\u00e1c s\u1ea3n ph\u1ea9m s\u1ed1 h\u00f3a nh\u01b0; <\/p>\n\n\n\n<ul class=\"wp-block-list\">\n<li>Healing gi\u1ea3i ph\u1eabu titanium<\/li>\n\n\n\n<li>Healing gi\u1ea3i ph\u1eabu zirconia<\/li>\n\n\n\n<li>Abutmen Customize titanium<\/li>\n\n\n\n<li>Abutmen Customize zirconia<\/li>\n\n\n\n<li>Ph\u1ee5c h\u00ecnh \u0111\u01a1n l\u1ebb tr\u00ean implant.<\/li>\n\n\n\n<li>Ph\u1ee5c h\u00ecnh to\u00e0n h\u00e0m c\u1ed1 \u0111\u1ecbnh tr\u00ean implant<\/li>\n\n\n\n<li>Ph\u1ee5c h\u00ecnh th\u00e1p l\u1eafp tr\u00ean implant. <\/li>\n<\/ul>\n\n\n\n<p>Lu\u00f4n c\u1eadp nh\u1eadt nh\u1eefng trang thi\u1ebft b\u1ecb t\u1ed1i t\u00e2n nh\u1ea5t, c\u00f4ng ngh\u1ec7 hi\u1ec7n \u0111\u1ea1i nh\u1ea5t t\u1ea5t c\u1ea3 nh\u1eefng s\u1ea3n ph\u1ea9m c\u1ee7a Idc Labo \u0111i\u1ec1u \u0111\u01b0\u1ee3c thi\u1ebft k\u1ebf b\u1eb1ng k\u1ef9 thu\u1eadt s\u1ed1, in 3D v\u00e0 c\u1eaft m\u00e0i b\u1eb1ng CAD\/CAM nh\u1eb1m t\u1ea1o ra nh\u1eefng s\u1ea3n ph\u1ea9m s\u1ed1 h\u00f3a v\u1edbi \u0111\u1ed9 ch\u00ednh x\u00e1c, \u0111\u1ed9 th\u1ea9m m\u1ef9, \u0111\u1ed9 b\u1ec1n cao nh\u1ea5t v\u1edbi th\u1eddi gian ng\u1eafn nh\u1ea5t.<\/p>\n\n\n\n<p>\u0110\u1ed3ng h\u00e0nh c\u00f9ng s\u1ee9 m\u1ec7nh mang gi\u1ea3i ph\u00e1p ph\u1ee5c h\u00ecnh s\u1ed1 h\u00f3a \u1ee9ng d\u1ee5ng v\u00e0o l\u00e2m s\u00e0ng nh\u1eb1m m\u1ee5c \u0111\u00edch: S\u1ea3n ph\u1ea9m ph\u1ee5c h\u00ecnh t\u1ed1t, gi\u1ea3i ph\u00f3ng th\u1eddi gian \u0111i\u1ec1u tr\u1ecb cho b\u00e1c s\u0129.  Idc Labo s\u1edf h\u1eefu \u0111\u1ed9i ng\u0169 k\u0129 thu\u1eadt vi\u00ean gi\u00e0u kinh nghi\u1ec7m,th\u01b0\u1eddng xuy\u00ean \u0111\u01b0\u1ee3c \u0111\u00e0o t\u1ea1o n\u00e2ng cao tr\u00ecnh \u0111\u1ed9 b\u1edfi c\u00e1c chuy\u00ean gia n\u01b0\u1edbc ngo\u00e0i. Nh\u1eb1m h\u01b0\u1edbng \u0111\u1ebfn nh\u1eefng s\u1ea3n ph\u1ea9m ho\u00e0n h\u1ea3o nh\u1ea5t.<\/p>\n\n\n\n<p>B\u00ean c\u1ea1nh \u0111\u00f3 Idc Labo cam k\u1ebft t\u1ea5t c\u1ea3 c\u00e1c v\u1eadt li\u1ec7u \u0111\u1ec1u \u0111\u01b0\u1ee3c s\u1eed d\u1ee5ng ch\u00ednh h\u00e3ng, c\u00f3 ngu\u1ed3n g\u1ed1c xu\u1ea5t x\u1ee9 r\u00f5 r\u00e0ng, \u0111\u00e1p \u1ee9ng \u0111\u1ee7 ti\u00eau chu\u1ea9n c\u1ee7a qu\u1ed1c t\u1ebf. <\/p>\n\n\n\n<p>\u0110\u1ed9i ng\u0169 Idc Labo &#8211; chuy\u00ean s\u00e2u ph\u1ee5c h\u00ecnh s\u1ed1 h\u00f3a tr\u00ean implant xin ch\u00e2n th\u00e0nh c\u1ea3m \u01a1n \u0111\u1ebfn t\u1ea5t c\u1ea3 qu\u00fd b\u00e1c s\u0129, nha s\u0129 v\u00e0 c\u00e1c \u0111\u1ed1i t\u00e1c \u0111\u00e3 tin t\u01b0\u1edfng v\u00e0 \u0111\u1ed3ng h\u00e0nh c\u00f9ng ch\u00fang t\u00f4i!<\/p>\n<\/div>\n<\/div>\n","protected":false},"excerpt":{"rendered":"<p>C\u1ea3m \u01a1n qu\u00fd b\u00e1c s\u0129 \u0111\u00e3 gh\u00e9 th\u1eafm website c\u1ee7a ch\u00fang t\u00f4i! K\u00ednh th\u01b0a qu\u00fd b\u00e1c s\u0129, qu\u00fd nha s\u0129 c\u00f9ng v\u1edbi xu th\u1ebf ph\u00e1t tri\u1ec3n c\u1ee7a ng\u00e0nh nha khoa hi\u1ec7n \u0111\u1ea1i c\u00f4ng ngh\u1ec7 s\u1ed1 h\u00f3a ng\u00e0y c\u00e0ng ph\u1ed5 bi\u1ebfn trong ng\u00e0nh nha khoa n\u00f3i chung v\u00e0 c\u1ea5y gh\u00e9p implant n\u00f3i ri\u00ean, nh\u1eb1m mang \u0111\u1ebfn\u0111asadadad<\/p>\n","protected":false},"author":1,"featured_media":113,"parent":0,"menu_order":0,"comment_status":"closed","ping_status":"closed","template":"page-blank-title-center.php","meta":{"footnotes":""},"class_list":["post-309","page","type-page","status-publish","has-post-thumbnail","hentry"],"yoast_head":"<!-- This site is optimized with the Yoast SEO plugin v23.7 - https:\/\/yoast.com\/wordpress\/plugins\/seo\/ -->\n<title>V\u1ec1 ch\u00fang t\u00f4i: Idc Labo - Chuy\u00ean s\u00e2u ph\u1ee5c h\u00ecnh s\u1ed1 h\u00f3a tr\u00ean implant. - idclabo.com<\/title>\n<meta name=\"robots\" content=\"index, follow, max-snippet:-1, max-image-preview:large, max-video-preview:-1\" \/>\n<link rel=\"canonical\" href=\"https:\/\/idclabo.com\/index.php\/ve-idc-labo\/\" \/>\n<meta property=\"og:locale\" content=\"vi_VN\" \/>\n<meta property=\"og:type\" content=\"article\" \/>\n<meta property=\"og:title\" content=\"V\u1ec1 ch\u00fang t\u00f4i: Idc Labo - Chuy\u00ean s\u00e2u ph\u1ee5c h\u00ecnh s\u1ed1 h\u00f3a tr\u00ean implant. - idclabo.com\" \/>\n<meta property=\"og:description\" content=\"C\u1ea3m \u01a1n qu\u00fd b\u00e1c s\u0129 \u0111\u00e3 gh\u00e9 th\u1eafm website c\u1ee7a ch\u00fang t\u00f4i! K\u00ednh th\u01b0a qu\u00fd b\u00e1c s\u0129, qu\u00fd nha s\u0129 c\u00f9ng v\u1edbi xu th\u1ebf ph\u00e1t tri\u1ec3n c\u1ee7a ng\u00e0nh nha khoa hi\u1ec7n \u0111\u1ea1i c\u00f4ng ngh\u1ec7 s\u1ed1 h\u00f3a ng\u00e0y c\u00e0ng ph\u1ed5 bi\u1ebfn trong ng\u00e0nh nha khoa n\u00f3i chung v\u00e0 c\u1ea5y gh\u00e9p implant n\u00f3i ri\u00ean, nh\u1eb1m mang \u0111\u1ebfn\u0111asadadad\" \/>\n<meta property=\"og:url\" content=\"https:\/\/idclabo.com\/index.php\/ve-idc-labo\/\" \/>\n<meta property=\"og:site_name\" content=\"idclabo.com\" \/>\n<meta property=\"article:publisher\" content=\"https:\/\/www.facebook.com\/idclabo\" \/>\n<meta property=\"article:modified_time\" content=\"2023-09-09T13:09:41+00:00\" \/>\n<meta property=\"og:image\" content=\"https:\/\/idclabo.com\/wp-content\/uploads\/2023\/09\/banne-web.png\" \/>\n\t<meta property=\"og:image:width\" content=\"1920\" \/>\n\t<meta property=\"og:image:height\" content=\"550\" \/>\n\t<meta property=\"og:image:type\" content=\"image\/png\" \/>\n<meta name=\"twitter:card\" content=\"summary_large_image\" \/>\n<meta name=\"twitter:label1\" content=\"\u01af\u1edbc t\u00ednh th\u1eddi gian \u0111\u1ecdc\" \/>\n\t<meta name=\"twitter:data1\" content=\"2 ph\u00fat\" \/>\n<script type=\"application\/ld+json\" class=\"yoast-schema-graph\">{\"@context\":\"https:\/\/schema.org\",\"@graph\":[{\"@type\":\"WebPage\",\"@id\":\"https:\/\/idclabo.com\/index.php\/ve-idc-labo\/\",\"url\":\"https:\/\/idclabo.com\/index.php\/ve-idc-labo\/\",\"name\":\"V\u1ec1 ch\u00fang t\u00f4i: Idc Labo - Chuy\u00ean s\u00e2u ph\u1ee5c h\u00ecnh s\u1ed1 h\u00f3a tr\u00ean implant. - idclabo.com\",\"isPartOf\":{\"@id\":\"https:\/\/idclabo.com\/#website\"},\"primaryImageOfPage\":{\"@id\":\"https:\/\/idclabo.com\/index.php\/ve-idc-labo\/#primaryimage\"},\"image\":{\"@id\":\"https:\/\/idclabo.com\/index.php\/ve-idc-labo\/#primaryimage\"},\"thumbnailUrl\":\"https:\/\/i0.wp.com\/idclabo.com\/wp-content\/uploads\/2023\/09\/banne-web.png?fit=1920%2C550&ssl=1\",\"datePublished\":\"2023-09-09T12:29:45+00:00\",\"dateModified\":\"2023-09-09T13:09:41+00:00\",\"breadcrumb\":{\"@id\":\"https:\/\/idclabo.com\/index.php\/ve-idc-labo\/#breadcrumb\"},\"inLanguage\":\"vi\",\"potentialAction\":[{\"@type\":\"ReadAction\",\"target\":[\"https:\/\/idclabo.com\/index.php\/ve-idc-labo\/\"]}]},{\"@type\":\"ImageObject\",\"inLanguage\":\"vi\",\"@id\":\"https:\/\/idclabo.com\/index.php\/ve-idc-labo\/#primaryimage\",\"url\":\"https:\/\/i0.wp.com\/idclabo.com\/wp-content\/uploads\/2023\/09\/banne-web.png?fit=1920%2C550&ssl=1\",\"contentUrl\":\"https:\/\/i0.wp.com\/idclabo.com\/wp-content\/uploads\/2023\/09\/banne-web.png?fit=1920%2C550&ssl=1\",\"width\":1920,\"height\":550},{\"@type\":\"BreadcrumbList\",\"@id\":\"https:\/\/idclabo.com\/index.php\/ve-idc-labo\/#breadcrumb\",\"itemListElement\":[{\"@type\":\"ListItem\",\"position\":1,\"name\":\"Trang ch\u1ee7\",\"item\":\"https:\/\/idclabo.com\/\"},{\"@type\":\"ListItem\",\"position\":2,\"name\":\"V\u1ec1 ch\u00fang t\u00f4i: Idc Labo &#8211; Chuy\u00ean s\u00e2u ph\u1ee5c h\u00ecnh s\u1ed1 h\u00f3a tr\u00ean implant.\"}]},{\"@type\":\"WebSite\",\"@id\":\"https:\/\/idclabo.com\/#website\",\"url\":\"https:\/\/idclabo.com\/\",\"name\":\"idclabo.com\",\"description\":\"Chuy\u00ean s\u00e2u ph\u1ee5c h\u00ecnh s\u1ed1 h\u00f3a tr\u00ean implant\",\"publisher\":{\"@id\":\"https:\/\/idclabo.com\/#organization\"},\"potentialAction\":[{\"@type\":\"SearchAction\",\"target\":{\"@type\":\"EntryPoint\",\"urlTemplate\":\"https:\/\/idclabo.com\/?s={search_term_string}\"},\"query-input\":{\"@type\":\"PropertyValueSpecification\",\"valueRequired\":true,\"valueName\":\"search_term_string\"}}],\"inLanguage\":\"vi\"},{\"@type\":\"Organization\",\"@id\":\"https:\/\/idclabo.com\/#organization\",\"name\":\"idclabo.com\",\"url\":\"https:\/\/idclabo.com\/\",\"logo\":{\"@type\":\"ImageObject\",\"inLanguage\":\"vi\",\"@id\":\"https:\/\/idclabo.com\/#\/schema\/logo\/image\/\",\"url\":\"https:\/\/idclabo.com\/wp-content\/uploads\/2023\/09\/logo-idc-web.png\",\"contentUrl\":\"https:\/\/idclabo.com\/wp-content\/uploads\/2023\/09\/logo-idc-web.png\",\"width\":833,\"height\":175,\"caption\":\"idclabo.com\"},\"image\":{\"@id\":\"https:\/\/idclabo.com\/#\/schema\/logo\/image\/\"},\"sameAs\":[\"https:\/\/www.facebook.com\/idclabo\"]}]}<\/script>\n<!-- \/ Yoast SEO plugin. -->","yoast_head_json":{"title":"V\u1ec1 ch\u00fang t\u00f4i: Idc Labo - Chuy\u00ean s\u00e2u ph\u1ee5c h\u00ecnh s\u1ed1 h\u00f3a tr\u00ean implant. - idclabo.com","robots":{"index":"index","follow":"follow","max-snippet":"max-snippet:-1","max-image-preview":"max-image-preview:large","max-video-preview":"max-video-preview:-1"},"canonical":"https:\/\/idclabo.com\/index.php\/ve-idc-labo\/","og_locale":"vi_VN","og_type":"article","og_title":"V\u1ec1 ch\u00fang t\u00f4i: Idc Labo - Chuy\u00ean s\u00e2u ph\u1ee5c h\u00ecnh s\u1ed1 h\u00f3a tr\u00ean implant. - idclabo.com","og_description":"C\u1ea3m \u01a1n qu\u00fd b\u00e1c s\u0129 \u0111\u00e3 gh\u00e9 th\u1eafm website c\u1ee7a ch\u00fang t\u00f4i! K\u00ednh th\u01b0a qu\u00fd b\u00e1c s\u0129, qu\u00fd nha s\u0129 c\u00f9ng v\u1edbi xu th\u1ebf ph\u00e1t tri\u1ec3n c\u1ee7a ng\u00e0nh nha khoa hi\u1ec7n \u0111\u1ea1i c\u00f4ng ngh\u1ec7 s\u1ed1 h\u00f3a ng\u00e0y c\u00e0ng ph\u1ed5 bi\u1ebfn trong ng\u00e0nh nha khoa n\u00f3i chung v\u00e0 c\u1ea5y gh\u00e9p implant n\u00f3i ri\u00ean, nh\u1eb1m mang \u0111\u1ebfn\u0111asadadad","og_url":"https:\/\/idclabo.com\/index.php\/ve-idc-labo\/","og_site_name":"idclabo.com","article_publisher":"https:\/\/www.facebook.com\/idclabo","article_modified_time":"2023-09-09T13:09:41+00:00","og_image":[{"width":1920,"height":550,"url":"https:\/\/idclabo.com\/wp-content\/uploads\/2023\/09\/banne-web.png","type":"image\/png"}],"twitter_card":"summary_large_image","twitter_misc":{"\u01af\u1edbc t\u00ednh th\u1eddi gian \u0111\u1ecdc":"2 ph\u00fat"},"schema":{"@context":"https:\/\/schema.org","@graph":[{"@type":"WebPage","@id":"https:\/\/idclabo.com\/index.php\/ve-idc-labo\/","url":"https:\/\/idclabo.com\/index.php\/ve-idc-labo\/","name":"V\u1ec1 ch\u00fang t\u00f4i: Idc Labo - Chuy\u00ean s\u00e2u ph\u1ee5c h\u00ecnh s\u1ed1 h\u00f3a tr\u00ean implant. - idclabo.com","isPartOf":{"@id":"https:\/\/idclabo.com\/#website"},"primaryImageOfPage":{"@id":"https:\/\/idclabo.com\/index.php\/ve-idc-labo\/#primaryimage"},"image":{"@id":"https:\/\/idclabo.com\/index.php\/ve-idc-labo\/#primaryimage"},"thumbnailUrl":"https:\/\/i0.wp.com\/idclabo.com\/wp-content\/uploads\/2023\/09\/banne-web.png?fit=1920%2C550&ssl=1","datePublished":"2023-09-09T12:29:45+00:00","dateModified":"2023-09-09T13:09:41+00:00","breadcrumb":{"@id":"https:\/\/idclabo.com\/index.php\/ve-idc-labo\/#breadcrumb"},"inLanguage":"vi","potentialAction":[{"@type":"ReadAction","target":["https:\/\/idclabo.com\/index.php\/ve-idc-labo\/"]}]},{"@type":"ImageObject","inLanguage":"vi","@id":"https:\/\/idclabo.com\/index.php\/ve-idc-labo\/#primaryimage","url":"https:\/\/i0.wp.com\/idclabo.com\/wp-content\/uploads\/2023\/09\/banne-web.png?fit=1920%2C550&ssl=1","contentUrl":"https:\/\/i0.wp.com\/idclabo.com\/wp-content\/uploads\/2023\/09\/banne-web.png?fit=1920%2C550&ssl=1","width":1920,"height":550},{"@type":"BreadcrumbList","@id":"https:\/\/idclabo.com\/index.php\/ve-idc-labo\/#breadcrumb","itemListElement":[{"@type":"ListItem","position":1,"name":"Trang ch\u1ee7","item":"https:\/\/idclabo.com\/"},{"@type":"ListItem","position":2,"name":"V\u1ec1 ch\u00fang t\u00f4i: Idc Labo &#8211; Chuy\u00ean s\u00e2u ph\u1ee5c h\u00ecnh s\u1ed1 h\u00f3a tr\u00ean implant."}]},{"@type":"WebSite","@id":"https:\/\/idclabo.com\/#website","url":"https:\/\/idclabo.com\/","name":"idclabo.com","description":"Chuy\u00ean s\u00e2u ph\u1ee5c h\u00ecnh s\u1ed1 h\u00f3a tr\u00ean implant","publisher":{"@id":"https:\/\/idclabo.com\/#organization"},"potentialAction":[{"@type":"SearchAction","target":{"@type":"EntryPoint","urlTemplate":"https:\/\/idclabo.com\/?s={search_term_string}"},"query-input":{"@type":"PropertyValueSpecification","valueRequired":true,"valueName":"search_term_string"}}],"inLanguage":"vi"},{"@type":"Organization","@id":"https:\/\/idclabo.com\/#organization","name":"idclabo.com","url":"https:\/\/idclabo.com\/","logo":{"@type":"ImageObject","inLanguage":"vi","@id":"https:\/\/idclabo.com\/#\/schema\/logo\/image\/","url":"https:\/\/idclabo.com\/wp-content\/uploads\/2023\/09\/logo-idc-web.png","contentUrl":"https:\/\/idclabo.com\/wp-content\/uploads\/2023\/09\/logo-idc-web.png","width":833,"height":175,"caption":"idclabo.com"},"image":{"@id":"https:\/\/idclabo.com\/#\/schema\/logo\/image\/"},"sameAs":["https:\/\/www.facebook.com\/idclabo"]}]}},"jetpack_sharing_enabled":true,"_links":{"self":[{"href":"https:\/\/idclabo.com\/index.php\/wp-json\/wp\/v2\/pages\/309","targetHints":{"allow":["GET"]}}],"collection":[{"href":"https:\/\/idclabo.com\/index.php\/wp-json\/wp\/v2\/pages"}],"about":[{"href":"https:\/\/idclabo.com\/index.php\/wp-json\/wp\/v2\/types\/page"}],"author":[{"embeddable":true,"href":"https:\/\/idclabo.com\/index.php\/wp-json\/wp\/v2\/users\/1"}],"replies":[{"embeddable":true,"href":"https:\/\/idclabo.com\/index.php\/wp-json\/wp\/v2\/comments?post=309"}],"version-history":[{"count":18,"href":"https:\/\/idclabo.com\/index.php\/wp-json\/wp\/v2\/pages\/309\/revisions"}],"predecessor-version":[{"id":330,"href":"https:\/\/idclabo.com\/index.php\/wp-json\/wp\/v2\/pages\/309\/revisions\/330"}],"wp:featuredmedia":[{"embeddable":true,"href":"https:\/\/idclabo.com\/index.php\/wp-json\/wp\/v2\/media\/113"}],"wp:attachment":[{"href":"https:\/\/idclabo.com\/index.php\/wp-json\/wp\/v2\/media?parent=309"}],"curies":[{"name":"wp","href":"https:\/\/api.w.org\/{rel}","templated":true}]}}